e the greatest common divisor of 57 and a.
57
Let y(m) = 4*m**2 + 58*m + 114. Let p be y(-13). What is the greatest common divisor of p and 568?
4
Suppose 4*l + l = 175. Suppose 37611*a - 37618*a + 49 = 0. Calculate the highest common divisor of a and l.
7
Let b = 177 + -175. Suppose b*g = -i + 39, -5*g = -2*i + 7*i - 105. Calculate the greatest common divisor of 162 and g.
18
Let l = -15463 - -22984. What is the greatest common divisor of l and 138?
69
Let x be (-35820)/(-80) + (-2)/(-8). Suppose 0 = -2*f - 4, 3*n + n = -f + 250. Suppose -o - n = -x. What is the highest common divisor of o and 35?
35
Let j = 368 - 462. Let g(c) = c**2 - 7*c + 2. Let h be g(7). Let p = h - j. Calculate the highest common divisor of p and 16.
16
Suppose 2*w + 63 = -5*n + 217, -3*w - 73 = -2*n. Calculate the highest common divisor of 2144 and n.
32
Let j(q) = 2*q**3 - 6*q**2 - 82*q + 462. Let d be j(6). Calculate the greatest common factor of 2542 and d.
62
Let w = 55 + -48. Suppose -494 = -w*q - 137. Let v = 59 - q. Calculate the greatest common divisor of v and 8.
8
Let s(p) = 34*p**2 - 23*p - 213. Let d be s(-8). Calculate the greatest common factor of 57 and d.
19
Let y be 3/(4/((-128)/(-6))). Suppose -3*i - 2*l + 348 = 0, -86 = 2*i + 2*l - 322. What is the greatest common divisor of y and i?
16
Let q be 1/((24/18)/(-4)*-1). Let w be (-5)/(-1) - q - -62. Let j be -1 + 1/(2/34). What is the highest common factor of w and j?
16
Let r(i) = i**3 + 13*i**2 + 26*i + 18. Let v be r(-11). Let t be (-2)/(-30)*313 + v/(-195). Calculate the greatest common divisor of 861 and t.
21
Let k = -330 + 290. Let h be 7*k/(-28)*19. What is the greatest common divisor of h and 95?
95
Let q = 34 - 43. Let u be (q/((-135)/10))/((-2)/111). Let g = 39 + u. What is the highest common divisor of 2 and g?
2
Suppose s - 11 = p, 3*p - 15 = -s + 6*p. Calculate the greatest common divisor of s and 99.
9
Let b(i) = 141*i**2 + 89*i + 172. Let x be b(-2). Calculate the greatest common divisor of 45 and x.
9
Let p = -43805 + 76039. Calculate the greatest common divisor of p and 142.
142
Suppose -n = 5*m - 95, -5*m - 32*n = -27*n - 115. Let a(h) = h**2 - 2*h + 9. Let d be a(-7). Calculate the greatest common divisor of d and m.
18
Let a be 177 + -37 - (-3 - 1). What is the highest common divisor of 128 and a?
16
Let s be (-12)/(-28)*12*(-5 - 180/(-8)). What is the highest common factor of 80 and s?
10
Let a(k) = 2*k**2 + 9*k - 18. Let l be (-1 - -5)/(2/(-4)). Let g be a(l). Calculate the greatest common factor of g and 304.
38
Let f = 4465 + -4425. What is the greatest common divisor of f and 50?
10
Suppose 5*w + 616 = 16*w. Let r be ((-24)/w)/(3/(-63)). Let p be (-3)/r - 2910/(-9). What is the greatest common divisor of 17 and p?
17
Let d(u) = 8*u. Let y be d(-3). Suppose -3*r + 2*r = h - 77, 0 = -4*r + 20. Let l = y + h. What is the highest common factor of l and 32?
16
Let h be (-7 + 1)/(-7 + (-375)/(-60)). Calculate the greatest common divisor of 260 and h.
4
Suppose -2*t + 2*q + 1084 = 0, -106*t - 2*q = -110*t + 2172. What is the greatest common divisor of 17 and t?
17
Let t be 588 + 0 + -5 + 1. Let j = t + -582. What is the greatest common factor of 34 and j?
2
Suppose 0 = -17*h + 50980 - 6661. Calculate the greatest common factor of h and 363.
33
Let r(w) = 3*w**2 + w + 148. Let o be r(-8). What is the highest common divisor of o and 2075?
83
Let j = 106 + -168. Let i = j + 66. Suppose 127 = i*b + 3*d, -3*d + 123 - 27 = 3*b. What is the highest common divisor of 248 and b?
31
Let r = -2688 + 2788. What is the greatest common divisor of 1960 and r?
20
Let l(f) be the second derivative of f**5/20 + 3*f**4/4 - 23*f**3/6 + 9*f**2/2 - 31*f. Let x be l(-11). Calculate the highest common divisor of x and 4.
4
Let t be (-2)/((-16)/(-6)) - (-390)/40. Suppose 3*g = t*g - 72. Suppose -5*d - g = -11*d. Calculate the highest common factor of 8 and d.
2
Let m = 918 + -1291. Let a = 380 + m. What is the highest common divisor of a and 469?
7
Suppose 4*g - 5*b - 873 = 839, -3*b = -3*g + 1281. Calculate the highest common factor of g and 36.
9
Let f(c) = -c**3 - 5*c**2 + 6*c - 27. Let l be f(-9). Let z = l + -241. What is the highest common divisor of 11 and z?
1
Let d(b) = 4*b + 46. Let s be d(-11). Suppose 3*k - 5*k = -s*i + 16, -4*i - 3*k + 25 = 0. Calculate the greatest common factor of i and 532.
7
Suppose 55 = -3*w + p, 7*w - 11*w = -5*p + 55. Let d be 110/10 - w/4. What is the highest common factor of d and 376?
8
Suppose 0 = -4*w - 159 + 171. Suppose -w*c = -3*j - 354, 244 = -6*c + 8*c + 2*j. Calculate the highest common divisor of 150 and c.
30
Let k(a) = a**3 - 27*a**2 - 130*a + 4. Let r be k(-4). Let l = -78 + 134. What is the greatest common divisor of r and l?
28
Suppose -693 - 2052 = -9*x. Suppose -3*z = 4*i - 237, -5*z + 5*i = -90 - x. What is the highest common divisor of z and 1027?
79
Suppose -2*d + 3*f = -22 + 5, -4*d + f = -19. Suppose 5*n - d*r = -r + 700, 0 = 5*n + 5*r - 700. Calculate the highest common factor of 20 and n.
20
Let h = -28 - -52. Let m = -15527 - -15687. Calculate the greatest common factor of h and m.
8
Let o be (7 - 558/(-126))/(2/28). Calculate the highest common factor of 256 and o.
32
Suppose -5*i + 124 = 2*u, 0 = 4*i + 4*u - 285 + 169. Calculate the highest common divisor of i and 4279.
11
Let j(o) = -47*o + 15*o + 251 - 305. Let w be j(-3). Calculate the highest common divisor of w and 28.
14
Suppose -303*m + 2200 = -307*m. Let w be (-241900)/m + (-1 - (-26)/22). What is the highest common factor of 176 and w?
88
Let b be 4 + (-14)/(-84) + 14554/12. Suppose 0 = -20*s + b + 303. Calculate the greatest common divisor of 95 and s.
19
Suppose -a - 249 = -4*z + 88, 0 = -2*z + 4*a + 172. Calculate the highest common factor of 1044 and z.
12
Let u(s) = 13*s + 13*s + 8*s + s - 6*s - 27. Let f be u(7). What is the greatest common factor of 32 and f?
16
Let y(n) = -47*n + 1. Let c be y(-1). Suppose -393*l + 24283 - 703 = 0. Calculate the greatest common divisor of c and l.
12
Let n(d) = 337*d - 6364. Let z be n(43). What is the greatest common divisor of 189 and z?
189
Let o = -9521 + 10316. What is the highest common factor of o and 40?
5
Let r = 359 + -128. Let p be 102/119*(-35)/20*-14. Calculate the highest common factor of p and r.
21
Let d be -11 - 1449/(-133) - (-1)/(19/3308). Calculate the greatest common factor of d and 30.
6
Suppose 4749*q + 60 = 4754*q. What is the highest common factor of q and 25188?
12
Let y(p) = 3*p**2 - 22*p - 10. Let m be y(10). Suppose 0*d - 10*d = -m. Calculate the greatest common factor of d and 49.
7
Let z = -200 + 313. Suppose 5*g - 185 = -o + 130, 2*g + 3*o - z = 0. Let r be (-12)/(-42) + 220/14. What is the greatest common divisor of r and g?
16
Suppose 9*b = b - 8. Let y(c) = 758*c**2 + 3*c + 5. Let r be y(b). Calculate the greatest common factor of 38 and r.
38
Let f(s) = 12*s - 362. Let b be f(31). Calculate the greatest common factor of b and 1630.
10
Suppose -5*u = 2*h - 257, 2*u - 5*h - 46 = 51. Suppose u = 4*m + 27. Suppose 0 = -2*z + m*z - 8. What is the greatest common factor of 1 and z?
1
Suppose -131 = -x - d, 126 = 3*x + 5*d - 265. Let w = 761 - 762. Let z be (-6 - (-2 + -3) - 11)/w. What is the greatest common factor of z and x?
12
Let h = -346 + 350. Suppose -2*w = 10*q - 6*q - 8, h*w - 5*q = 68. Calculate the highest common divisor of w and 516.
12
Suppose -j + 139*a - 143*a + 8345 = 0, -3*j + 4*a = -24987. What is the greatest common factor of 13 and j?
13
Let p be (5*(-148)/(-80))/((-2)/(-296)). Suppose p = 7*u - 5*u + 3*c, 2726 = 4*u + 2*c. Calculate the highest common factor of 40 and u.
40
Let v(i) = 3*i**2 - 91*i - 312. Let u be v(-4). What is the greatest common factor of 3200 and u?
100
Let b be 1/((-8)/(-1218)) + (-12)/48. Let t(y) = -5*y + 4. Let v be t(7). Let x = 50 + v. What is the greatest common divisor of x and b?
19
Let v(i) = 2*i**2 - 52*i - 488. Let p be v(-22). What is the highest common divisor of 8 and p?
8
Let y = 14103 - 13571. Let u be (-4)/8*2*-19. Calculate the greatest common factor of u and y.
19
Let p(o) = o**3 - o**2 - o + 20. Let n(j) = -5*j + 46. Let i be n(8). Let l be 2 + i/12*-4*1. Let s be p(l). What is the highest common factor of 90 and s?
10
Let n = 12220 - 12208. What i